{"id":1258,"date":"2022-12-15T09:39:14","date_gmt":"2022-12-15T08:39:14","guid":{"rendered":"https:\/\/www.camping-residea.com\/fietspaden\/"},"modified":"2023-01-24T14:33:58","modified_gmt":"2023-01-24T13:33:58","slug":"fietspaden","status":"publish","type":"page","link":"https:\/\/www.camping-residea.com\/nl\/vrije-tijd\/fietspaden\/","title":{"rendered":"Fietspaden"},"content":{"rendered":"\n<h1 class=\"wp-block-heading\">Fietspaden<\/h1>\n\n<p>Met bijna 1800 km aan fietspaden is de Vend\u00e9e een zeer cyclo-toeristische regio met zijn paden waarmee u de diversiteit van de landschappen van de Vend\u00e9e kunt bewonderen.<\/p>\n\n<div class=\"wp-block-media-text alignwide is-stacked-on-mobile is-image-fill\"><figure class=\"wp-block-media-text__media\" style=\"background-image:url(https:\/\/www.camping-residea.com\/wp-content\/uploads\/2023\/01\/piste-cyclable-bord-de-mer-IMG_7571-1024x683-1.jpg);background-position:50% 50%\"><img loading=\"lazy\" decoding=\"async\" width=\"1024\" height=\"683\" src=\"https:\/\/www.camping-residea.com\/wp-content\/uploads\/2023\/01\/piste-cyclable-bord-de-mer-IMG_7571-1024x683-1.jpg\" alt=\"fietspaden\" class=\"wp-image-951 size-full\" srcset=\"https:\/\/www.camping-residea.com\/wp-content\/uploads\/2023\/01\/piste-cyclable-bord-de-mer-IMG_7571-1024x683-1.jpg 1024w, https:\/\/www.camping-residea.com\/wp-content\/uploads\/2023\/01\/piste-cyclable-bord-de-mer-IMG_7571-1024x683-1-300x200.jpg 300w, https:\/\/www.camping-residea.com\/wp-content\/uploads\/2023\/01\/piste-cyclable-bord-de-mer-IMG_7571-1024x683-1-768x512.jpg 768w\" sizes=\"auto, (max-width: 1024px) 100vw, 1024px\" \/><\/figure><div class=\"wp-block-media-text__content\">\n<h2 class=\"wp-block-heading\">Fietspaden zover het oog reikt<\/h2>\n\n\n\n<p>Voor uw veiligheid heeft de regio haar fietsroutes gemarkeerd met richtingborden, wegmarkeringen en borden die de ligging van de belangrijkste routes aangeven.<\/p>\n\n\n\n<p>De <strong>V\u00e9lodyss\u00e9e<\/strong> brengt u door de hele regio. Van <strong>Noirmoutier<\/strong> tot <strong>Aiguillon<\/strong> gaat u op een magische ontdekkingstocht langs de kustlijn. Van <strong>Saint Jean de Monts tot <\/strong> <strong>Saint Gilles Croix de<\/strong> Vie ontdekt u de pracht en praal van de zo genoemde C\u00f4te de Lumi\u00e8re.<\/p>\n<\/div><\/div>\n\n<div class=\"wp-block-media-text alignwide has-media-on-the-right is-stacked-on-mobile is-image-fill\"><figure class=\"wp-block-media-text__media\" style=\"background-image:url(https:\/\/www.camping-residea.com\/wp-content\/uploads\/2023\/01\/les-sables-cayola-IMG_2495-1024x683-1.jpg);background-position:50% 50%\"><img loading=\"lazy\" decoding=\"async\" width=\"1024\" height=\"683\" src=\"https:\/\/www.camping-residea.com\/wp-content\/uploads\/2023\/01\/les-sables-cayola-IMG_2495-1024x683-1.jpg\" alt=\"baai cayola les sables\" class=\"wp-image-955 size-full\" srcset=\"https:\/\/www.camping-residea.com\/wp-content\/uploads\/2023\/01\/les-sables-cayola-IMG_2495-1024x683-1.jpg 1024w, https:\/\/www.camping-residea.com\/wp-content\/uploads\/2023\/01\/les-sables-cayola-IMG_2495-1024x683-1-300x200.jpg 300w, https:\/\/www.camping-residea.com\/wp-content\/uploads\/2023\/01\/les-sables-cayola-IMG_2495-1024x683-1-768x512.jpg 768w\" sizes=\"auto, (max-width: 1024px) 100vw, 1024px\" \/><\/figure><div class=\"wp-block-media-text__content\">\n<h2 class=\"wp-block-heading\">Verschillende mogelijke rondleidingen  <\/h2>\n\n\n\n<p>Voor een groen uitzicht op het platteland kiest u voor een tocht door het bos van Olonne naar de  <strong>Paracou strand<\/strong> en verder  <strong>de Sables dijk<\/strong> naar  <strong>de baai van Cayola<\/strong> en zijn nieuwe fietscircuit &#8220;in de voetsporen van Richard Leeuwenhart&#8221; om te eindigen op de parel van de kust,  <strong>het strand van Veillon<\/strong> en  <strong>le Havre du Payr\u00e9.  <\/strong><\/p>\n\n\n\n<p>Als u dapper genoeg bent, rijdt u naar <strong>de baai van Aiguillon<\/strong> en steekt u <strong>La Tranche sur Mer <\/strong>over om in de verte het prachtige<strong> eiland R\u00e9<\/strong> te zien liggen. Waar u ook besluit heen te gaan, alleen, met uw gezin of met een groep vrienden, u zult heerlijk verrast worden door de gevarieerde en ontspannende landschappen van onze mooie streek.<\/p>\n<\/div><\/div>\n","protected":false},"excerpt":{"rendered":"<p>Fietspaden Met bijna 1800 km aan fietspaden is de Vend\u00e9e een zeer cyclo-toeristische regio met zijn paden waarmee u de diversiteit van de landschappen van de Vend\u00e9e kunt bewonderen. Fietspaden zover het oog reikt Voor uw veiligheid heeft de regio haar fietsroutes gemarkeerd met richtingborden, wegmarkeringen en borden die de ligging van de belangrijkste routes [&hellip;]<\/p>\n","protected":false},"author":1,"featured_media":0,"parent":1275,"menu_order":2,"comment_status":"closed","ping_status":"closed","template":"","meta":{"_seopress_robots_primary_cat":"","_seopress_titles_title":"Ontdek de Vend\u00e9e per fiets via de verschillende circuits","_seopress_titles_desc":"De fietspaden van de Vend\u00e9e wachten op u om de diverse landschappen van de kust van de Vend\u00e9e te ontdekken. Tussen strand, bos, moeras, ontsnapping.","_seopress_robots_index":"","footnotes":""},"class_list":["post-1258","page","type-page","status-publish","hentry"],"_links":{"self":[{"href":"https:\/\/www.camping-residea.com\/nl\/wp-json\/wp\/v2\/pages\/1258","targetHints":{"allow":["GET"]}}],"collection":[{"href":"https:\/\/www.camping-residea.com\/nl\/wp-json\/wp\/v2\/pages"}],"about":[{"href":"https:\/\/www.camping-residea.com\/nl\/wp-json\/wp\/v2\/types\/page"}],"author":[{"embeddable":true,"href":"https:\/\/www.camping-residea.com\/nl\/wp-json\/wp\/v2\/users\/1"}],"replies":[{"embeddable":true,"href":"https:\/\/www.camping-residea.com\/nl\/wp-json\/wp\/v2\/comments?post=1258"}],"version-history":[{"count":1,"href":"https:\/\/www.camping-residea.com\/nl\/wp-json\/wp\/v2\/pages\/1258\/revisions"}],"predecessor-version":[{"id":1260,"href":"https:\/\/www.camping-residea.com\/nl\/wp-json\/wp\/v2\/pages\/1258\/revisions\/1260"}],"up":[{"embeddable":true,"href":"https:\/\/www.camping-residea.com\/nl\/wp-json\/wp\/v2\/pages\/1275"}],"wp:attachment":[{"href":"https:\/\/www.camping-residea.com\/nl\/wp-json\/wp\/v2\/media?parent=1258"}],"curies":[{"name":"wp","href":"https:\/\/api.w.org\/{rel}","templated":true}]}}

<h1 class="wp-block-heading">Fietspaden</h1>

<p>Met bijna 1800 km aan fietspaden is de Vendée een zeer cyclo-toeristische regio met zijn paden waarmee u de diversiteit van de landschappen van de Vendée kunt bewonderen.</p>

<div class="wp-block-media-text alignwide is-stacked-on-mobile is-image-fill"><figure class="wp-block-media-text__media" style="background-image:url(https://www.camping-residea.com/wp-content/uploads/2023/01/piste-cyclable-bord-de-mer-IMG_7571-1024x683-1.jpg);background-position:50% 50%"><img loading="lazy" decoding="async" width="1024" height="683" src="https://www.camping-residea.com/wp-content/uploads/2023/01/piste-cyclable-bord-de-mer-IMG_7571-1024x683-1.jpg" alt="fietspaden" class="wp-image-951 size-full" srcset="https://www.camping-residea.com/wp-content/uploads/2023/01/piste-cyclable-bord-de-mer-IMG_7571-1024x683-1.jpg 1024w, https://www.camping-residea.com/wp-content/uploads/2023/01/piste-cyclable-bord-de-mer-IMG_7571-1024x683-1-300x200.jpg 300w, https://www.camping-residea.com/wp-content/uploads/2023/01/piste-cyclable-bord-de-mer-IMG_7571-1024x683-1-768x512.jpg 768w" sizes="auto, (max-width: 1024px) 100vw, 1024px" /></figure><div class="wp-block-media-text__content">
<h2 class="wp-block-heading">Fietspaden zover het oog reikt</h2>



<p>Voor uw veiligheid heeft de regio haar fietsroutes gemarkeerd met richtingborden, wegmarkeringen en borden die de ligging van de belangrijkste routes aangeven.</p>



<p>De <strong>Vélodyssée</strong> brengt u door de hele regio. Van <strong>Noirmoutier</strong> tot <strong>Aiguillon</strong> gaat u op een magische ontdekkingstocht langs de kustlijn. Van <strong>Saint Jean de Monts tot </strong> <strong>Saint Gilles Croix de</strong> Vie ontdekt u de pracht en praal van de zo genoemde Côte de Lumière.</p>
</div></div>

<div class="wp-block-media-text alignwide has-media-on-the-right is-stacked-on-mobile is-image-fill"><figure class="wp-block-media-text__media" style="background-image:url(https://www.camping-residea.com/wp-content/uploads/2023/01/les-sables-cayola-IMG_2495-1024x683-1.jpg);background-position:50% 50%"><img loading="lazy" decoding="async" width="1024" height="683" src="https://www.camping-residea.com/wp-content/uploads/2023/01/les-sables-cayola-IMG_2495-1024x683-1.jpg" alt="baai cayola les sables" class="wp-image-955 size-full" srcset="https://www.camping-residea.com/wp-content/uploads/2023/01/les-sables-cayola-IMG_2495-1024x683-1.jpg 1024w, https://www.camping-residea.com/wp-content/uploads/2023/01/les-sables-cayola-IMG_2495-1024x683-1-300x200.jpg 300w, https://www.camping-residea.com/wp-content/uploads/2023/01/les-sables-cayola-IMG_2495-1024x683-1-768x512.jpg 768w" sizes="auto, (max-width: 1024px) 100vw, 1024px" /></figure><div class="wp-block-media-text__content">
<h2 class="wp-block-heading">Verschillende mogelijke rondleidingen  </h2>



<p>Voor een groen uitzicht op het platteland kiest u voor een tocht door het bos van Olonne naar de  <strong>Paracou strand</strong> en verder  <strong>de Sables dijk</strong> naar  <strong>de baai van Cayola</strong> en zijn nieuwe fietscircuit &#8220;in de voetsporen van Richard Leeuwenhart&#8221; om te eindigen op de parel van de kust,  <strong>het strand van Veillon</strong> en  <strong>le Havre du Payré.  </strong></p>



<p>Als u dapper genoeg bent, rijdt u naar <strong>de baai van Aiguillon</strong> en steekt u <strong>La Tranche sur Mer </strong>over om in de verte het prachtige<strong> eiland Ré</strong> te zien liggen. Waar u ook besluit heen te gaan, alleen, met uw gezin of met een groep vrienden, u zult heerlijk verrast worden door de gevarieerde en ontspannende landschappen van onze mooie streek.</p>
</div></div>

<p>Fietspaden Met bijna 1800 km aan fietspaden is de Vendée een zeer cyclo-toeristische regio met zijn paden waarmee u de diversiteit van de landschappen van de Vendée kunt bewonderen. Fietspaden zover het oog reikt Voor uw veiligheid heeft de regio haar fietsroutes gemarkeerd met richtingborden, wegmarkeringen en borden die de ligging van de belangrijkste routes [&hellip;]</p>

Ontdek de Vendée per fiets via de verschillende circuits

De fietspaden van de Vendée wachten op u om de diverse landschappen van de kust van de Vendée te ontdekken. Tussen strand, bos, moeras, ontsnapping.
